-1756. What is the remainder when x is divided by 90?
89
Calculate the remainder when (8 - 9)/(1/(-94)) is divided by 35.
24
Suppose 0 = 4*t - 152. Suppose -8*r + 1974 = 766. Calculate the remainder when r is divided by t.
37
What is the remainder when ((-40)/(-30))/(2*(-4)/(-90)) is divided by 1?
0
Suppose -4*m + 25 = d - 2, -2*d = 5*m - 33. What is the remainder when 16 is divided by m?
2
Let g(v) = 6*v**3 + 3*v**2 - 3*v + 1. Let m = -83 + 97. What is the remainder when g(2) is divided by m?
13
Suppose -37*u = -1992 - 2300. Let r = 117 - 57. What is the remainder when u is divided by r?
56
Let w(z) = 2*z**2 - 23*z + 66. Let r(g) = 3*g**2 - 35*g + 99. Let v(f) = 5*r(f) - 7*w(f). What is the remainder when v(14) is divided by 7?
5
Suppose -2*j + 3485 = 5*t, 17*j = -2*t + 20*j + 1375. What is the remainder when t is divided by 87?
86
Suppose -i + 49 = 2*d, 35*d - 60 = 32*d + 3*i. Calculate the remainder when (89/(-2))/((-2)/4) is divided by d.
20
Let x(c) be the first derivative of c**4/2 - 3*c**2 + 6*c + 4. Calculate the remainder when x(4) is divided by 28.
26
Suppose 5*l - 32 = 38. What is the remainder when 109 is divided by l?
11
Let x(l) = -l**3 + 8*l**2 + 22*l + 9. What is the remainder when x(10) is divided by 20?
9
Let j be (-7 - -33)/(0 + 1). Calculate the remainder when 39 is divided by 65/j*(0 + 8).
19
Suppose 4*z - 52 = 6*c - 4*c, -3*c - 52 = -4*z. Let u = 13 - 8. Let j = 0 + u. What is the remainder when z is divided by j?
3
Suppose 3*v + 1 = 3*q + 5*v, -q + 3 = 2*v. Let g = q - -13. What is the remainder when g is divided by 7?
5
Suppose -708 = -o - 0*o + 4*j, 4*o = 2*j + 2874. Calculate the remainder when o is divided by 19.
17
Suppose 5*z - 12*z + 175 = 0. What is the remainder when 149 is divided by z?
24
Let b = 12 + -6. Let j(v) be the third derivative of v**4/8 + 10*v**3/3 + 9*v**2. Calculate the remainder when j(0) is divided by b.
2
Let n = 29 + -99. Let g = 116 + n. Let b = g - 21. What is the remainder when b is divided by 13?
12
Let q = -136 - -29. Let i = 161 + q. Calculate the remainder when i is divided by 11.
10
What is the remainder when -2 - (-5)/(30/984) is divided by 56?
50
Let u = -317 - -372. What is the remainder when u is divided by 30?
25
Suppose -5*o + 50 = 9*q - 6*q, o = 5*q - 18. What is the remainder when 10 is divided by o?
3
Suppose 4*o = 1886 - 1258. What is the remainder when o is divided by 10?
7
Suppose 0 = -a - 6*i + 9*i + 69, 5*i - 208 = -4*a. What is the remainder when a is divided by 42?
15
Let s(m) = -m**3 + 6*m**2 - 8*m + 2. Let a be s(3). What is the remainder when 16 is divided by 43/a + 1*8/20?
7
Let r be (1 + (-62)/2)/(87/(-58)). Suppose 15*q + r = 19*q. Calculate the remainder when 19 is divided by q.
4
Let a be (-4)/6*(6 + -12). What is the remainder when a/18 - (-4120)/90 is divided by 12?
10
Let o = 12186 - 12134. Suppose 0*i - 90 = -5*i. Calculate the remainder when o is divided by i.
16
Let t = 922 + -745. Calculate the remainder when t is divided by 40.
17
Let r(g) be the first derivative of g**4/4 - 4*g**3 + 11*g**2/2 - 14*g - 4. Let z be r(11). Let f = 26 + z. Calculate the remainder when 22 is divided by f.
10
Let b be (-46)/207 - (40/(-18) + 0). Suppose 4*t - a = 43, -5*t - b*a + 50 = -4*a. Calculate the remainder when 27 is divided by t.
3
Let y(x) = 4*x**2 + 10*x - 5. Let j be y(-10). Suppose j = 5*b - 0*b. What is the remainder when b is divided by 31?
28
Suppose 2*a - 59 = q, 5*a + 19*q - 21*q - 149 = 0. What is the remainder when 89 is divided by a?
27
Suppose -10*x + 97 = -53. Let f(b) = 2*b**3 - 4*b**2 - 6*b + 2. Calculate the remainder when f(4) is divided by x.
12
Let h(g) = -g**2 + 14*g + 3. Suppose 216 = -2*n - 196. What is the remainder when h(6) is divided by n/(-8) + 7/28?
25
Calculate the remainder when 951 is divided by (15640/345)/((-4)/(-6)).
67
What is the remainder when 39 is divided by (-2 - 0)*24/(-16) - -1?
3
Let b(m) = -3*m**2 - 3*m + 37. Let v(o) = o**2 + o - 12. Let r(a) = -4*b(a) - 11*v(a). Calculate the remainder when r(-9) is divided by 15.
11
Let k = -814 - -1154. Calculate the remainder when k is divided by 57.
55
Suppose -5*u + 157 = 67. What is the remainder when 286 is divided by u?
16
Suppose -3*q = 2*u - 16, -4*u = -4*q - 9 - 3. Suppose -q*p + 23 + 11 = 0. Calculate the remainder when 49 is divided by p.
15
Suppose -2*v - 2*v + 200 = 0. What is the remainder when v is divided by 2/4 - 429/(-26)?
16
Let s = 13 - 2. Let f = -50 + -23. Let c = f - -105. Calculate the remainder when c is divided by s.
10
Calculate the remainder when 507 is divided by (-20)/6*(-36)/(-24) - -39.
31
Suppose -10 = -2*a, 0*a + 169 = 4*i + a. What is the remainder when 202 is divided by i?
38
Let z = 124 - 50. What is the remainder when 19 is divided by z/370 - ((-59)/5 + -1)?
6
Let q(u) = -u**3 + 17*u**2 - 22*u - 6. What is the remainder when q(15) is divided by 9?
6
Let r = 320 + -309. What is the remainder when 31 is divided by r?
9
Let o be (-11)/(-2) + 3/6. Let v be ((-3)/(-2))/((-3)/o). Calculate the remainder when 7 is divided by 5*((-9)/5)/v.
1
Let o = -83 + 38. Let j = 55 + o. What is the remainder when 49 is divided by j?
9
Suppose -30*x + 10278 = -76182. Calculate the remainder when x is divided by 31.
30
What is the remainder when 106 is divided by (3/2)/((-33)/(-1100)) + -5?
16
Let s(a) be the second derivative of a**4/4 - a**2/2 + 21*a. Calculate the remainder when s(2) is divided by 3.
2
Let k = 24 + -29. Let h(c) = -6 - 5*c - c - 2*c**2 + c**3 - 2*c**3. What is the remainder when h(k) is divided by 25?
24
Calculate the remainder when 493 is divided by 3 + (5 + -12)*-4.
28
Suppose -4*h - 4*u + 52 = 0, h + 4*h - 3*u = 65. Let z = 5 - h. Let d = 17 - z. What is the remainder when 48 is divided by d?
23
Let w(k) = -15*k + 5. Let j be w(-10). Suppose 262 = 5*c - 3*q, -4*c - j = -7*c + 4*q. Calculate the remainder when c is divided by 28.
25
Let l = -12 + 5. Let p(a) = a**2 - 4*a + 7. Let j be p(l). Calculate the remainder when j*((-12)/8)/(-3) is divided by 15.
12
Calculate the remainder when 246 is divided by 1/(52/(-53) - -1).
34
Let h = 953 + -937. What is the remainder when 33 is divided by h?
1
Suppose -r + 3*f - 2 = 0, 3*r + 2*r - 3 = 2*f. What is the remainder when 9 is divided by (30/(-20))/(r/(-2))?
0
Let h(k) = 10*k - 80. Calculate the remainder when h(10) is divided by 6.
2
Calculate the remainder when (-22)/((-264)/36) - -1*149 is divided by 14.
12
Let g = 0 - -10. Calculate the remainder when 15 is divided by (4 + -2)/(g/15).
0
Suppose 4*l - 1506 = -1470. Calculate the remainder when 91 is divided by l.
1
Let y(b) = -30*b - 13. Let q(g) = -20*g - 9. Let s(u) = 8*q(u) - 5*y(u). Calculate the remainder when 88 is divided by s(-3).
19
Let p = 171 + -101. Suppose -p = -5*x + 5*y, -2*y = 5*x - 56 - 35. Suppose 2*d - z + 0*z = 66, -d = 2*z - 23. Calculate the remainder when d is divided by x.
14
Let m(x) = -x**3 + 4*x**2 - 4. Let g be m(3). Suppose g*n + y + 3*y = 83, -4*y = 4*n - 68. What is the remainder when n is divided by 4?
3
Let s = 61 + -40. Calculate the remainder when 39 is divided by s.
18
Let t be -6 + 3 - -1*11. Suppose -4*n = -0*n - t. Suppose -7*w + 55 = -n*w. What is the remainder when 30 is divided by w?
8
Let u(k) = -k**2 + k + 34. Let s = 170 + -70. What is the remainder when s is divided by u(0)?
32
Let p(d) = d - 1. Let g be p(6). Suppose 0 = -b - 3*x, g*b - 2*x - x + 54 = 0. What is the remainder when 36 - 2*b/(-6) is divided by 18?
15
Suppose 0 = 25*s - 0*s - 600. Calculate the remainder when s is divided by 4.
0
Suppose 1 = 8*y - 31. What is the remainder when (7/y + 2)/((-18)/(-480)) is divided by 34?
32
Suppose -4*z = -111 - 9. Let n = z - 10. Calculate the remainder when 139 is divided by n.
19
Suppose -5*p - 15 = 5*z, 4*p - 19 = 3*z + 4. Suppose 3*r = p*u - 0*r - 129, 339 = 5*u - 2*r. What is the remainder when u is divided by 20?
9
Let m = -15 + 17. Suppose -74 = 3*w - 4*l, 0*l = m*w - 2*l + 50. Let p = w - -36. What is the remainder when 28 is divided by p?
8
Let i = 38 + -22. Suppose o + i = 3*o. What is the remainder when o is divided by (-16)/(-3) + -6 + (-34)/(-6)?
3
Let l = 75 - 27. Suppose -100 = -2*n + l. What is the remainder when n is divided by 19*(-4)/12*(-3 + 0)?
17
Suppose 3*r - 2*u - 151 = 0, 0*u = -2